NOAA-Style Climate Reports


Report for 2024 April

Daily NOAA report



                            MONTHLY CLIMATOLOGICAL SUMMARY for APR. 2024

NAME: South Bergen Weather   CITY: Wood Ridge STATE: New Jersey
ELEV: 52 LAT: 040:51:05 LONG: 0074:05:17

                            TEMPERATURE ( °F), RAIN (in.), WIND SPEED (mph)

                                               HEAT     COOL           AVG
      MEAN                                     DEG      DEG            WIND                       DOM
DAY   TEMP    HIGH   TIME     LOW    TIME      DAYS     DAYS    RAIN   SPEED    HIGH    TIME      DIR
--------------------------------------------------------------------------------------------------------
01    49.4   053.1   18:21    47.2   22:39     15.6     00.0   00.00   00.2     06.9    12:51      N 
02    44.7   047.8   00:01    42.6   23:59     20.2     00.0   01.04   01.6     14.9    22:50      E 
03    41.1   042.7   00:09    40.9   05:08     23.8     00.0   00.13   00.8     16.1    03:11      NE
04    42.7   049.3   15:17    37.8   08:41     22.2     00.0   00.00   01.6     11.5    15:16     NNE
05    42.9   050.0   17:21    37.1   04:23     22.0     00.0   00.00   02.7     18.4    18:24      NW
06    45.9   053.6   18:14    39.9   05:37     19.0     00.0   00.00   03.2     20.7    11:10      N 
07    48.3   059.7   17:48    40.0   05:52     16.6     00.0   00.00   01.8     14.9    16:04     NNE
08    52.7   067.3   14:37    39.3   05:23     12.2     00.0   00.00   01.1     10.3    17:30      SW
09    62.4   077.1   15:52    48.6   07:57     02.5     00.0   00.00   01.7     11.5    19:41     SSW
10    57.3   065.1   17:08    50.8   00:00     07.6     00.0   00.00   02.2     09.2    21:54      SE
11    54.2   061.1   20:23    49.5   05:27     10.7     00.0   00.21   02.9     20.7    20:14     SSE
12    59.4   063.2   12:08    54.8   00:00     05.6     00.0   00.40   04.1     27.6    03:44      SW
13    50.6   054.8   00:20    47.1   12:23     14.3     00.0   00.00   05.6     29.9    08:58      NW
14    60.1   075.6   17:27    45.3   06:29     04.8     00.0   00.04   03.7     25.3    21:10      W 
15    67.9   078.4   18:17    57.7   05:57     00.0     03.0   00.00   02.5     16.1    22:39      NW
16    61.6   073.7   16:15    50.7   06:11     03.3     00.0   00.00   01.5     16.1    14:54     NNW
17    53.3   060.0   12:54    47.8   23:52     11.7     00.0   00.03   02.0     11.5    16:32     ESE
18    46.3   047.9   01:11    45.2   12:50     18.6     00.0   00.02   01.9     13.8    12:24     ENE
19    49.4   057.5   12:27    43.9   02:47     15.5     00.0   00.00   01.9     11.5    15:56     SSE
20    55.2   068.5   14:42    46.5   00:00     09.8     00.0   00.00   02.2     20.7    18:31      NW
21    46.3   051.9   15:43    38.8   06:11     18.7     00.0   00.00   01.4     13.8    15:24      NW
22    50.4   064.5   18:39    38.0   06:18     14.5     00.0   00.00   01.6     12.7    14:04     NNW
23    52.0   062.6   15:15    39.8   05:51     13.0     00.0   00.00   03.1     19.6    18:49      S 
--------------------------------------------------------------------------------------------------------
51.9 (52.5)   78.4  day 15     37.1  day 05   302.3    003.0   01.87   02.2     29.9   day 13      NW
Min <  86: 23
Max Rain: 1.04 ON 2-04-24
Days of Rain: 7 (> .008in) 4 (> .08in) 1 (> 0.8in)